{"id":1101,"date":"2023-09-20T12:07:32","date_gmt":"2023-09-20T12:07:32","guid":{"rendered":"https:\/\/ardena.eu\/projekte\/"},"modified":"2025-09-15T10:32:47","modified_gmt":"2025-09-15T10:32:47","slug":"projets","status":"publish","type":"page","link":"https:\/\/ardena.eu\/fr\/projets\/","title":{"rendered":"Nos projets"},"content":{"rendered":"","protected":false},"excerpt":{"rendered":"","protected":false},"author":2,"featured_media":0,"parent":0,"menu_order":0,"comment_status":"closed","ping_status":"closed","template":"","meta":{"_acf_changed":false,"footnotes":""},"class_list":["post-1101","page","type-page","status-publish","hentry"],"acf":[],"yoast_head":"<!-- This site is optimized with the Yoast SEO plugin v27.5 - https:\/\/yoast.com\/product\/yoast-seo-wordpress\/ -->\n<title>Inspirez\u2011vous | Nos r\u00e9alisations<\/title>\n<meta name=\"description\" content=\"Inspirez\u2011vous de nos projets r\u00e9alis\u00e9s. Explorez la vari\u00e9t\u00e9 de nos cr\u00e9ations et trouvez l\u2019inspiration pour am\u00e9nager vos espaces.\" \/>\n<meta name=\"robots\" content=\"index, follow, max-snippet:-1, max-image-preview:large, max-video-preview:-1\" \/>\n<link rel=\"canonical\" href=\"https:\/\/ardena.eu\/fr\/projets\/\" \/>\n<meta property=\"og:locale\" content=\"fr_FR\" \/>\n<meta property=\"og:type\" content=\"article\" \/>\n<meta property=\"og:title\" content=\"Inspirez\u2011vous | Nos r\u00e9alisations\" \/>\n<meta property=\"og:description\" content=\"Inspirez\u2011vous de nos projets r\u00e9alis\u00e9s. Explorez la vari\u00e9t\u00e9 de nos cr\u00e9ations et trouvez l\u2019inspiration pour am\u00e9nager vos espaces.\" \/>\n<meta property=\"og:url\" content=\"https:\/\/ardena.eu\/fr\/projets\/\" \/>\n<meta property=\"og:site_name\" content=\"Ardena\" \/>\n<meta property=\"article:modified_time\" content=\"2025-09-15T10:32:47+00:00\" \/>\n<meta name=\"twitter:card\" content=\"summary_large_image\" \/>\n<script type=\"application\/ld+json\" class=\"yoast-schema-graph\">{\"@context\":\"https:\\\/\\\/schema.org\",\"@graph\":[{\"@type\":\"WebPage\",\"@id\":\"https:\\\/\\\/ardena.eu\\\/fr\\\/projets\\\/\",\"url\":\"https:\\\/\\\/ardena.eu\\\/fr\\\/projets\\\/\",\"name\":\"Inspirez\u2011vous | Nos r\u00e9alisations\",\"isPartOf\":{\"@id\":\"https:\\\/\\\/ardena.eu\\\/#website\"},\"datePublished\":\"2023-09-20T12:07:32+00:00\",\"dateModified\":\"2025-09-15T10:32:47+00:00\",\"description\":\"Inspirez\u2011vous de nos projets r\u00e9alis\u00e9s. Explorez la vari\u00e9t\u00e9 de nos cr\u00e9ations et trouvez l\u2019inspiration pour am\u00e9nager vos espaces.\",\"breadcrumb\":{\"@id\":\"https:\\\/\\\/ardena.eu\\\/fr\\\/projets\\\/#breadcrumb\"},\"inLanguage\":\"fr-FR\",\"potentialAction\":[{\"@type\":\"ReadAction\",\"target\":[\"https:\\\/\\\/ardena.eu\\\/fr\\\/projets\\\/\"]}]},{\"@type\":\"BreadcrumbList\",\"@id\":\"https:\\\/\\\/ardena.eu\\\/fr\\\/projets\\\/#breadcrumb\",\"itemListElement\":[{\"@type\":\"ListItem\",\"position\":1,\"name\":\"Home\",\"item\":\"https:\\\/\\\/ardena.eu\\\/fr\\\/\"},{\"@type\":\"ListItem\",\"position\":2,\"name\":\"Nos projets\"}]},{\"@type\":\"WebSite\",\"@id\":\"https:\\\/\\\/ardena.eu\\\/#website\",\"url\":\"https:\\\/\\\/ardena.eu\\\/\",\"name\":\"Ardena\",\"description\":\"Schreinerei Ardena\",\"potentialAction\":[{\"@type\":\"SearchAction\",\"target\":{\"@type\":\"EntryPoint\",\"urlTemplate\":\"https:\\\/\\\/ardena.eu\\\/?s={search_term_string}\"},\"query-input\":{\"@type\":\"PropertyValueSpecification\",\"valueRequired\":true,\"valueName\":\"search_term_string\"}}],\"inLanguage\":\"fr-FR\"}]}<\/script>\n<!-- \/ Yoast SEO plugin. -->","yoast_head_json":{"title":"Inspirez\u2011vous | Nos r\u00e9alisations","description":"Inspirez\u2011vous de nos projets r\u00e9alis\u00e9s. Explorez la vari\u00e9t\u00e9 de nos cr\u00e9ations et trouvez l\u2019inspiration pour am\u00e9nager vos espaces.","robots":{"index":"index","follow":"follow","max-snippet":"max-snippet:-1","max-image-preview":"max-image-preview:large","max-video-preview":"max-video-preview:-1"},"canonical":"https:\/\/ardena.eu\/fr\/projets\/","og_locale":"fr_FR","og_type":"article","og_title":"Inspirez\u2011vous | Nos r\u00e9alisations","og_description":"Inspirez\u2011vous de nos projets r\u00e9alis\u00e9s. Explorez la vari\u00e9t\u00e9 de nos cr\u00e9ations et trouvez l\u2019inspiration pour am\u00e9nager vos espaces.","og_url":"https:\/\/ardena.eu\/fr\/projets\/","og_site_name":"Ardena","article_modified_time":"2025-09-15T10:32:47+00:00","twitter_card":"summary_large_image","schema":{"@context":"https:\/\/schema.org","@graph":[{"@type":"WebPage","@id":"https:\/\/ardena.eu\/fr\/projets\/","url":"https:\/\/ardena.eu\/fr\/projets\/","name":"Inspirez\u2011vous | Nos r\u00e9alisations","isPartOf":{"@id":"https:\/\/ardena.eu\/#website"},"datePublished":"2023-09-20T12:07:32+00:00","dateModified":"2025-09-15T10:32:47+00:00","description":"Inspirez\u2011vous de nos projets r\u00e9alis\u00e9s. Explorez la vari\u00e9t\u00e9 de nos cr\u00e9ations et trouvez l\u2019inspiration pour am\u00e9nager vos espaces.","breadcrumb":{"@id":"https:\/\/ardena.eu\/fr\/projets\/#breadcrumb"},"inLanguage":"fr-FR","potentialAction":[{"@type":"ReadAction","target":["https:\/\/ardena.eu\/fr\/projets\/"]}]},{"@type":"BreadcrumbList","@id":"https:\/\/ardena.eu\/fr\/projets\/#breadcrumb","itemListElement":[{"@type":"ListItem","position":1,"name":"Home","item":"https:\/\/ardena.eu\/fr\/"},{"@type":"ListItem","position":2,"name":"Nos projets"}]},{"@type":"WebSite","@id":"https:\/\/ardena.eu\/#website","url":"https:\/\/ardena.eu\/","name":"Ardena","description":"Schreinerei Ardena","potentialAction":[{"@type":"SearchAction","target":{"@type":"EntryPoint","urlTemplate":"https:\/\/ardena.eu\/?s={search_term_string}"},"query-input":{"@type":"PropertyValueSpecification","valueRequired":true,"valueName":"search_term_string"}}],"inLanguage":"fr-FR"}]}},"_links":{"self":[{"href":"https:\/\/ardena.eu\/fr\/wp-json\/wp\/v2\/pages\/1101","targetHints":{"allow":["GET"]}}],"collection":[{"href":"https:\/\/ardena.eu\/fr\/wp-json\/wp\/v2\/pages"}],"about":[{"href":"https:\/\/ardena.eu\/fr\/wp-json\/wp\/v2\/types\/page"}],"author":[{"embeddable":true,"href":"https:\/\/ardena.eu\/fr\/wp-json\/wp\/v2\/users\/2"}],"replies":[{"embeddable":true,"href":"https:\/\/ardena.eu\/fr\/wp-json\/wp\/v2\/comments?post=1101"}],"version-history":[{"count":4,"href":"https:\/\/ardena.eu\/fr\/wp-json\/wp\/v2\/pages\/1101\/revisions"}],"predecessor-version":[{"id":2263,"href":"https:\/\/ardena.eu\/fr\/wp-json\/wp\/v2\/pages\/1101\/revisions\/2263"}],"wp:attachment":[{"href":"https:\/\/ardena.eu\/fr\/wp-json\/wp\/v2\/media?parent=1101"}],"curies":[{"name":"wp","href":"https:\/\/api.w.org\/{rel}","templated":true}]}}

<!-- This site is optimized with the Yoast SEO plugin v27.5 - https://yoast.com/product/yoast-seo-wordpress/ -->
<title>Inspirez‑vous | Nos réalisations</title>
<meta name="description" content="Inspirez‑vous de nos projets réalisés. Explorez la variété de nos créations et trouvez l’inspiration pour aménager vos espaces." />
<meta name="robots" content="index, follow, max-snippet:-1, max-image-preview:large, max-video-preview:-1" />
<link rel="canonical" href="https://ardena.eu/fr/projets/" />
<meta property="og:locale" content="fr_FR" />
<meta property="og:type" content="article" />
<meta property="og:title" content="Inspirez‑vous | Nos réalisations" />
<meta property="og:description" content="Inspirez‑vous de nos projets réalisés. Explorez la variété de nos créations et trouvez l’inspiration pour aménager vos espaces." />
<meta property="og:url" content="https://ardena.eu/fr/projets/" />
<meta property="og:site_name" content="Ardena" />
<meta property="article:modified_time" content="2025-09-15T10:32:47+00:00" />
<meta name="twitter:card" content="summary_large_image" />
<script type="application/ld+json" class="yoast-schema-graph">{"@context":"https:\/\/schema.org","@graph":[{"@type":"WebPage","@id":"https:\/\/ardena.eu\/fr\/projets\/","url":"https:\/\/ardena.eu\/fr\/projets\/","name":"Inspirez‑vous | Nos réalisations","isPartOf":{"@id":"https:\/\/ardena.eu\/#website"},"datePublished":"2023-09-20T12:07:32+00:00","dateModified":"2025-09-15T10:32:47+00:00","description":"Inspirez‑vous de nos projets réalisés. Explorez la variété de nos créations et trouvez l’inspiration pour aménager vos espaces.","breadcrumb":{"@id":"https:\/\/ardena.eu\/fr\/projets\/#breadcrumb"},"inLanguage":"fr-FR","potentialAction":[{"@type":"ReadAction","target":["https:\/\/ardena.eu\/fr\/projets\/"]}]},{"@type":"BreadcrumbList","@id":"https:\/\/ardena.eu\/fr\/projets\/#breadcrumb","itemListElement":[{"@type":"ListItem","position":1,"name":"Home","item":"https:\/\/ardena.eu\/fr\/"},{"@type":"ListItem","position":2,"name":"Nos projets"}]},{"@type":"WebSite","@id":"https:\/\/ardena.eu\/#website","url":"https:\/\/ardena.eu\/","name":"Ardena","description":"Schreinerei Ardena","potentialAction":[{"@type":"SearchAction","target":{"@type":"EntryPoint","urlTemplate":"https:\/\/ardena.eu\/?s={search_term_string}"},"query-input":{"@type":"PropertyValueSpecification","valueRequired":true,"valueName":"search_term_string"}}],"inLanguage":"fr-FR"}]}</script>
<!-- / Yoast SEO plugin. -->

Inspirez‑vous | Nos réalisations

Inspirez‑vous de nos projets réalisés. Explorez la variété de nos créations et trouvez l’inspiration pour aménager vos espaces.
