{"id":1117,"date":"2023-09-22T11:12:58","date_gmt":"2023-09-22T11:12:58","guid":{"rendered":"https:\/\/ardena.eu\/leistungen\/ankleiden-bader-saunas\/"},"modified":"2025-09-15T11:56:35","modified_gmt":"2025-09-15T11:56:35","slug":"dressing-salle-de-bain","status":"publish","type":"services","link":"https:\/\/ardena.eu\/fr\/service\/dressing-salle-de-bain\/","title":{"rendered":"Dressing &#038; salle de bain"},"content":{"rendered":"","protected":false},"featured_media":1917,"parent":0,"template":"","class_list":["post-1117","services","type-services","status-publish","has-post-thumbnail","hentry"],"acf":[],"yoast_head":"<!-- This site is optimized with the Yoast SEO plugin v27.5 - https:\/\/yoast.com\/product\/yoast-seo-wordpress\/ -->\n<title>Un matin serein commence ici | Dressing et salles de bains<\/title>\n<meta name=\"description\" content=\"Avec nos dressings et salles de bains sur mesure, cr\u00e9ez un v\u00e9ritable havre de bien\u2011\u00eatre pour commencer chaque matin en toute s\u00e9r\u00e9nit\u00e9.\" \/>\n<meta name=\"robots\" content=\"index, follow, max-snippet:-1, max-image-preview:large, max-video-preview:-1\" \/>\n<link rel=\"canonical\" href=\"https:\/\/ardena.eu\/fr\/service\/dressing-salle-de-bain\/\" \/>\n<meta property=\"og:locale\" content=\"fr_FR\" \/>\n<meta property=\"og:type\" content=\"article\" \/>\n<meta property=\"og:title\" content=\"Un matin serein commence ici | Dressing et salles de bains\" \/>\n<meta property=\"og:description\" content=\"Avec nos dressings et salles de bains sur mesure, cr\u00e9ez un v\u00e9ritable havre de bien\u2011\u00eatre pour commencer chaque matin en toute s\u00e9r\u00e9nit\u00e9.\" \/>\n<meta property=\"og:url\" content=\"https:\/\/ardena.eu\/fr\/service\/dressing-salle-de-bain\/\" \/>\n<meta property=\"og:site_name\" content=\"Ardena\" \/>\n<meta property=\"article:modified_time\" content=\"2025-09-15T11:56:35+00:00\" \/>\n<meta property=\"og:image\" content=\"https:\/\/ardena.eu\/wp-content\/uploads\/2023\/09\/TITELFOTO-ANKLEIDEN.jpg\" \/>\n\t<meta property=\"og:image:width\" content=\"1920\" \/>\n\t<meta property=\"og:image:height\" content=\"1280\" \/>\n\t<meta property=\"og:image:type\" content=\"image\/jpeg\" \/>\n<meta name=\"twitter:card\" content=\"summary_large_image\" \/>\n<meta name=\"twitter:label1\" content=\"Dur\u00e9e de lecture estim\u00e9e\" \/>\n\t<meta name=\"twitter:data1\" content=\"1 minute\" \/>\n<script type=\"application\/ld+json\" class=\"yoast-schema-graph\">{\"@context\":\"https:\\\/\\\/schema.org\",\"@graph\":[{\"@type\":\"WebPage\",\"@id\":\"https:\\\/\\\/ardena.eu\\\/fr\\\/service\\\/dressing-salle-de-bain\\\/\",\"url\":\"https:\\\/\\\/ardena.eu\\\/fr\\\/service\\\/dressing-salle-de-bain\\\/\",\"name\":\"Un matin serein commence ici | Dressing et salles de bains\",\"isPartOf\":{\"@id\":\"https:\\\/\\\/ardena.eu\\\/#website\"},\"primaryImageOfPage\":{\"@id\":\"https:\\\/\\\/ardena.eu\\\/fr\\\/service\\\/dressing-salle-de-bain\\\/#primaryimage\"},\"image\":{\"@id\":\"https:\\\/\\\/ardena.eu\\\/fr\\\/service\\\/dressing-salle-de-bain\\\/#primaryimage\"},\"thumbnailUrl\":\"https:\\\/\\\/ardena.eu\\\/wp-content\\\/uploads\\\/2023\\\/09\\\/TITELFOTO-ANKLEIDEN.jpg\",\"datePublished\":\"2023-09-22T11:12:58+00:00\",\"dateModified\":\"2025-09-15T11:56:35+00:00\",\"description\":\"Avec nos dressings et salles de bains sur mesure, cr\u00e9ez un v\u00e9ritable havre de bien\u2011\u00eatre pour commencer chaque matin en toute s\u00e9r\u00e9nit\u00e9.\",\"breadcrumb\":{\"@id\":\"https:\\\/\\\/ardena.eu\\\/fr\\\/service\\\/dressing-salle-de-bain\\\/#breadcrumb\"},\"inLanguage\":\"fr-FR\",\"potentialAction\":[{\"@type\":\"ReadAction\",\"target\":[\"https:\\\/\\\/ardena.eu\\\/fr\\\/service\\\/dressing-salle-de-bain\\\/\"]}]},{\"@type\":\"ImageObject\",\"inLanguage\":\"fr-FR\",\"@id\":\"https:\\\/\\\/ardena.eu\\\/fr\\\/service\\\/dressing-salle-de-bain\\\/#primaryimage\",\"url\":\"https:\\\/\\\/ardena.eu\\\/wp-content\\\/uploads\\\/2023\\\/09\\\/TITELFOTO-ANKLEIDEN.jpg\",\"contentUrl\":\"https:\\\/\\\/ardena.eu\\\/wp-content\\\/uploads\\\/2023\\\/09\\\/TITELFOTO-ANKLEIDEN.jpg\",\"width\":1920,\"height\":1280},{\"@type\":\"BreadcrumbList\",\"@id\":\"https:\\\/\\\/ardena.eu\\\/fr\\\/service\\\/dressing-salle-de-bain\\\/#breadcrumb\",\"itemListElement\":[{\"@type\":\"ListItem\",\"position\":1,\"name\":\"Home\",\"item\":\"https:\\\/\\\/ardena.eu\\\/fr\\\/\"},{\"@type\":\"ListItem\",\"position\":2,\"name\":\"Dressing &#038; salle de bain\"}]},{\"@type\":\"WebSite\",\"@id\":\"https:\\\/\\\/ardena.eu\\\/#website\",\"url\":\"https:\\\/\\\/ardena.eu\\\/\",\"name\":\"Ardena\",\"description\":\"Schreinerei Ardena\",\"potentialAction\":[{\"@type\":\"SearchAction\",\"target\":{\"@type\":\"EntryPoint\",\"urlTemplate\":\"https:\\\/\\\/ardena.eu\\\/?s={search_term_string}\"},\"query-input\":{\"@type\":\"PropertyValueSpecification\",\"valueRequired\":true,\"valueName\":\"search_term_string\"}}],\"inLanguage\":\"fr-FR\"}]}<\/script>\n<!-- \/ Yoast SEO plugin. -->","yoast_head_json":{"title":"Un matin serein commence ici | Dressing et salles de bains","description":"Avec nos dressings et salles de bains sur mesure, cr\u00e9ez un v\u00e9ritable havre de bien\u2011\u00eatre pour commencer chaque matin en toute s\u00e9r\u00e9nit\u00e9.","robots":{"index":"index","follow":"follow","max-snippet":"max-snippet:-1","max-image-preview":"max-image-preview:large","max-video-preview":"max-video-preview:-1"},"canonical":"https:\/\/ardena.eu\/fr\/service\/dressing-salle-de-bain\/","og_locale":"fr_FR","og_type":"article","og_title":"Un matin serein commence ici | Dressing et salles de bains","og_description":"Avec nos dressings et salles de bains sur mesure, cr\u00e9ez un v\u00e9ritable havre de bien\u2011\u00eatre pour commencer chaque matin en toute s\u00e9r\u00e9nit\u00e9.","og_url":"https:\/\/ardena.eu\/fr\/service\/dressing-salle-de-bain\/","og_site_name":"Ardena","article_modified_time":"2025-09-15T11:56:35+00:00","og_image":[{"width":1920,"height":1280,"url":"https:\/\/ardena.eu\/wp-content\/uploads\/2023\/09\/TITELFOTO-ANKLEIDEN.jpg","type":"image\/jpeg"}],"twitter_card":"summary_large_image","twitter_misc":{"Dur\u00e9e de lecture estim\u00e9e":"1 minute"},"schema":{"@context":"https:\/\/schema.org","@graph":[{"@type":"WebPage","@id":"https:\/\/ardena.eu\/fr\/service\/dressing-salle-de-bain\/","url":"https:\/\/ardena.eu\/fr\/service\/dressing-salle-de-bain\/","name":"Un matin serein commence ici | Dressing et salles de bains","isPartOf":{"@id":"https:\/\/ardena.eu\/#website"},"primaryImageOfPage":{"@id":"https:\/\/ardena.eu\/fr\/service\/dressing-salle-de-bain\/#primaryimage"},"image":{"@id":"https:\/\/ardena.eu\/fr\/service\/dressing-salle-de-bain\/#primaryimage"},"thumbnailUrl":"https:\/\/ardena.eu\/wp-content\/uploads\/2023\/09\/TITELFOTO-ANKLEIDEN.jpg","datePublished":"2023-09-22T11:12:58+00:00","dateModified":"2025-09-15T11:56:35+00:00","description":"Avec nos dressings et salles de bains sur mesure, cr\u00e9ez un v\u00e9ritable havre de bien\u2011\u00eatre pour commencer chaque matin en toute s\u00e9r\u00e9nit\u00e9.","breadcrumb":{"@id":"https:\/\/ardena.eu\/fr\/service\/dressing-salle-de-bain\/#breadcrumb"},"inLanguage":"fr-FR","potentialAction":[{"@type":"ReadAction","target":["https:\/\/ardena.eu\/fr\/service\/dressing-salle-de-bain\/"]}]},{"@type":"ImageObject","inLanguage":"fr-FR","@id":"https:\/\/ardena.eu\/fr\/service\/dressing-salle-de-bain\/#primaryimage","url":"https:\/\/ardena.eu\/wp-content\/uploads\/2023\/09\/TITELFOTO-ANKLEIDEN.jpg","contentUrl":"https:\/\/ardena.eu\/wp-content\/uploads\/2023\/09\/TITELFOTO-ANKLEIDEN.jpg","width":1920,"height":1280},{"@type":"BreadcrumbList","@id":"https:\/\/ardena.eu\/fr\/service\/dressing-salle-de-bain\/#breadcrumb","itemListElement":[{"@type":"ListItem","position":1,"name":"Home","item":"https:\/\/ardena.eu\/fr\/"},{"@type":"ListItem","position":2,"name":"Dressing &#038; salle de bain"}]},{"@type":"WebSite","@id":"https:\/\/ardena.eu\/#website","url":"https:\/\/ardena.eu\/","name":"Ardena","description":"Schreinerei Ardena","potentialAction":[{"@type":"SearchAction","target":{"@type":"EntryPoint","urlTemplate":"https:\/\/ardena.eu\/?s={search_term_string}"},"query-input":{"@type":"PropertyValueSpecification","valueRequired":true,"valueName":"search_term_string"}}],"inLanguage":"fr-FR"}]}},"_links":{"self":[{"href":"https:\/\/ardena.eu\/fr\/wp-json\/wp\/v2\/services\/1117","targetHints":{"allow":["GET"]}}],"collection":[{"href":"https:\/\/ardena.eu\/fr\/wp-json\/wp\/v2\/services"}],"about":[{"href":"https:\/\/ardena.eu\/fr\/wp-json\/wp\/v2\/types\/services"}],"wp:featuredmedia":[{"embeddable":true,"href":"https:\/\/ardena.eu\/fr\/wp-json\/wp\/v2\/media\/1917"}],"wp:attachment":[{"href":"https:\/\/ardena.eu\/fr\/wp-json\/wp\/v2\/media?parent=1117"}],"curies":[{"name":"wp","href":"https:\/\/api.w.org\/{rel}","templated":true}]}}

<!-- This site is optimized with the Yoast SEO plugin v27.5 - https://yoast.com/product/yoast-seo-wordpress/ -->
<title>Un matin serein commence ici | Dressing et salles de bains</title>
<meta name="description" content="Avec nos dressings et salles de bains sur mesure, créez un véritable havre de bien‑être pour commencer chaque matin en toute sérénité." />
<meta name="robots" content="index, follow, max-snippet:-1, max-image-preview:large, max-video-preview:-1" />
<link rel="canonical" href="https://ardena.eu/fr/service/dressing-salle-de-bain/" />
<meta property="og:locale" content="fr_FR" />
<meta property="og:type" content="article" />
<meta property="og:title" content="Un matin serein commence ici | Dressing et salles de bains" />
<meta property="og:description" content="Avec nos dressings et salles de bains sur mesure, créez un véritable havre de bien‑être pour commencer chaque matin en toute sérénité." />
<meta property="og:url" content="https://ardena.eu/fr/service/dressing-salle-de-bain/" />
<meta property="og:site_name" content="Ardena" />
<meta property="article:modified_time" content="2025-09-15T11:56:35+00:00" />
<meta property="og:image" content="https://ardena.eu/wp-content/uploads/2023/09/TITELFOTO-ANKLEIDEN.jpg" />
	<meta property="og:image:width" content="1920" />
	<meta property="og:image:height" content="1280" />
	<meta property="og:image:type" content="image/jpeg" />
<meta name="twitter:card" content="summary_large_image" />
<meta name="twitter:label1" content="Durée de lecture estimée" />
	<meta name="twitter:data1" content="1 minute" />
<script type="application/ld+json" class="yoast-schema-graph">{"@context":"https:\/\/schema.org","@graph":[{"@type":"WebPage","@id":"https:\/\/ardena.eu\/fr\/service\/dressing-salle-de-bain\/","url":"https:\/\/ardena.eu\/fr\/service\/dressing-salle-de-bain\/","name":"Un matin serein commence ici | Dressing et salles de bains","isPartOf":{"@id":"https:\/\/ardena.eu\/#website"},"primaryImageOfPage":{"@id":"https:\/\/ardena.eu\/fr\/service\/dressing-salle-de-bain\/#primaryimage"},"image":{"@id":"https:\/\/ardena.eu\/fr\/service\/dressing-salle-de-bain\/#primaryimage"},"thumbnailUrl":"https:\/\/ardena.eu\/wp-content\/uploads\/2023\/09\/TITELFOTO-ANKLEIDEN.jpg","datePublished":"2023-09-22T11:12:58+00:00","dateModified":"2025-09-15T11:56:35+00:00","description":"Avec nos dressings et salles de bains sur mesure, créez un véritable havre de bien‑être pour commencer chaque matin en toute sérénité.","breadcrumb":{"@id":"https:\/\/ardena.eu\/fr\/service\/dressing-salle-de-bain\/#breadcrumb"},"inLanguage":"fr-FR","potentialAction":[{"@type":"ReadAction","target":["https:\/\/ardena.eu\/fr\/service\/dressing-salle-de-bain\/"]}]},{"@type":"ImageObject","inLanguage":"fr-FR","@id":"https:\/\/ardena.eu\/fr\/service\/dressing-salle-de-bain\/#primaryimage","url":"https:\/\/ardena.eu\/wp-content\/uploads\/2023\/09\/TITELFOTO-ANKLEIDEN.jpg","contentUrl":"https:\/\/ardena.eu\/wp-content\/uploads\/2023\/09\/TITELFOTO-ANKLEIDEN.jpg","width":1920,"height":1280},{"@type":"BreadcrumbList","@id":"https:\/\/ardena.eu\/fr\/service\/dressing-salle-de-bain\/#breadcrumb","itemListElement":[{"@type":"ListItem","position":1,"name":"Home","item":"https:\/\/ardena.eu\/fr\/"},{"@type":"ListItem","position":2,"name":"Dressing &#038; salle de bain"}]},{"@type":"WebSite","@id":"https:\/\/ardena.eu\/#website","url":"https:\/\/ardena.eu\/","name":"Ardena","description":"Schreinerei Ardena","potentialAction":[{"@type":"SearchAction","target":{"@type":"EntryPoint","urlTemplate":"https:\/\/ardena.eu\/?s={search_term_string}"},"query-input":{"@type":"PropertyValueSpecification","valueRequired":true,"valueName":"search_term_string"}}],"inLanguage":"fr-FR"}]}</script>
<!-- / Yoast SEO plugin. -->

Avec nos dressings et salles de bains sur mesure, créez un véritable havre de bien‑être pour commencer chaque matin en toute sérénité.
