{"id":1121,"date":"2023-09-22T11:08:10","date_gmt":"2023-09-22T11:08:10","guid":{"rendered":"https:\/\/ardena.eu\/leistungen\/business-objektbereich\/"},"modified":"2025-09-15T11:52:01","modified_gmt":"2025-09-15T11:52:01","slug":"espaces-professionnels-commerciaux","status":"publish","type":"services","link":"https:\/\/ardena.eu\/fr\/service\/espaces-professionnels-commerciaux\/","title":{"rendered":"Espaces professionnels &#038; commerciaux"},"content":{"rendered":"","protected":false},"featured_media":1911,"parent":0,"template":"","class_list":["post-1121","services","type-services","status-publish","has-post-thumbnail","hentry"],"acf":[],"yoast_head":"<!-- This site is optimized with the Yoast SEO plugin v27.5 - https:\/\/yoast.com\/product\/yoast-seo-wordpress\/ -->\n<title>Espaces professionnels &amp; commerciaux | Solutions Profesionnelles<\/title>\n<meta name=\"description\" content=\"Am\u00e9nagez vos espaces professionnels, commerciaux et horeca de fa\u00e7on professionnelle et accueillante. Nous offrons des solutions sur mesure pour bureaux, commerces, restaurants, h\u00f4tels, caf\u00e9s, bars et \u00e9tablissements publics.\" \/>\n<meta name=\"robots\" content=\"index, follow, max-snippet:-1, max-image-preview:large, max-video-preview:-1\" \/>\n<link rel=\"canonical\" href=\"https:\/\/ardena.eu\/fr\/service\/espaces-professionnels-commerciaux\/\" \/>\n<meta property=\"og:locale\" content=\"fr_FR\" \/>\n<meta property=\"og:type\" content=\"article\" \/>\n<meta property=\"og:title\" content=\"Espaces professionnels &amp; commerciaux | Solutions Profesionnelles\" \/>\n<meta property=\"og:description\" content=\"Am\u00e9nagez vos espaces professionnels, commerciaux et horeca de fa\u00e7on professionnelle et accueillante. Nous offrons des solutions sur mesure pour bureaux, commerces, restaurants, h\u00f4tels, caf\u00e9s, bars et \u00e9tablissements publics.\" \/>\n<meta property=\"og:url\" content=\"https:\/\/ardena.eu\/fr\/service\/espaces-professionnels-commerciaux\/\" \/>\n<meta property=\"og:site_name\" content=\"Ardena\" \/>\n<meta property=\"article:modified_time\" content=\"2025-09-15T11:52:01+00:00\" \/>\n<meta property=\"og:image\" content=\"https:\/\/ardena.eu\/wp-content\/uploads\/2023\/09\/TITELFOTO-BUsiness.jpg\" \/>\n\t<meta property=\"og:image:width\" content=\"1600\" \/>\n\t<meta property=\"og:image:height\" content=\"1067\" \/>\n\t<meta property=\"og:image:type\" content=\"image\/jpeg\" \/>\n<meta name=\"twitter:card\" content=\"summary_large_image\" \/>\n<meta name=\"twitter:label1\" content=\"Dur\u00e9e de lecture estim\u00e9e\" \/>\n\t<meta name=\"twitter:data1\" content=\"1 minute\" \/>\n<script type=\"application\/ld+json\" class=\"yoast-schema-graph\">{\"@context\":\"https:\\\/\\\/schema.org\",\"@graph\":[{\"@type\":\"WebPage\",\"@id\":\"https:\\\/\\\/ardena.eu\\\/fr\\\/service\\\/espaces-professionnels-commerciaux\\\/\",\"url\":\"https:\\\/\\\/ardena.eu\\\/fr\\\/service\\\/espaces-professionnels-commerciaux\\\/\",\"name\":\"Espaces professionnels & commerciaux | Solutions Profesionnelles\",\"isPartOf\":{\"@id\":\"https:\\\/\\\/ardena.eu\\\/#website\"},\"primaryImageOfPage\":{\"@id\":\"https:\\\/\\\/ardena.eu\\\/fr\\\/service\\\/espaces-professionnels-commerciaux\\\/#primaryimage\"},\"image\":{\"@id\":\"https:\\\/\\\/ardena.eu\\\/fr\\\/service\\\/espaces-professionnels-commerciaux\\\/#primaryimage\"},\"thumbnailUrl\":\"https:\\\/\\\/ardena.eu\\\/wp-content\\\/uploads\\\/2023\\\/09\\\/TITELFOTO-BUsiness.jpg\",\"datePublished\":\"2023-09-22T11:08:10+00:00\",\"dateModified\":\"2025-09-15T11:52:01+00:00\",\"description\":\"Am\u00e9nagez vos espaces professionnels, commerciaux et horeca de fa\u00e7on professionnelle et accueillante. Nous offrons des solutions sur mesure pour bureaux, commerces, restaurants, h\u00f4tels, caf\u00e9s, bars et \u00e9tablissements publics.\",\"breadcrumb\":{\"@id\":\"https:\\\/\\\/ardena.eu\\\/fr\\\/service\\\/espaces-professionnels-commerciaux\\\/#breadcrumb\"},\"inLanguage\":\"fr-FR\",\"potentialAction\":[{\"@type\":\"ReadAction\",\"target\":[\"https:\\\/\\\/ardena.eu\\\/fr\\\/service\\\/espaces-professionnels-commerciaux\\\/\"]}]},{\"@type\":\"ImageObject\",\"inLanguage\":\"fr-FR\",\"@id\":\"https:\\\/\\\/ardena.eu\\\/fr\\\/service\\\/espaces-professionnels-commerciaux\\\/#primaryimage\",\"url\":\"https:\\\/\\\/ardena.eu\\\/wp-content\\\/uploads\\\/2023\\\/09\\\/TITELFOTO-BUsiness.jpg\",\"contentUrl\":\"https:\\\/\\\/ardena.eu\\\/wp-content\\\/uploads\\\/2023\\\/09\\\/TITELFOTO-BUsiness.jpg\",\"width\":1600,\"height\":1067},{\"@type\":\"BreadcrumbList\",\"@id\":\"https:\\\/\\\/ardena.eu\\\/fr\\\/service\\\/espaces-professionnels-commerciaux\\\/#breadcrumb\",\"itemListElement\":[{\"@type\":\"ListItem\",\"position\":1,\"name\":\"Home\",\"item\":\"https:\\\/\\\/ardena.eu\\\/fr\\\/\"},{\"@type\":\"ListItem\",\"position\":2,\"name\":\"Espaces professionnels &#038; commerciaux\"}]},{\"@type\":\"WebSite\",\"@id\":\"https:\\\/\\\/ardena.eu\\\/#website\",\"url\":\"https:\\\/\\\/ardena.eu\\\/\",\"name\":\"Ardena\",\"description\":\"Schreinerei Ardena\",\"potentialAction\":[{\"@type\":\"SearchAction\",\"target\":{\"@type\":\"EntryPoint\",\"urlTemplate\":\"https:\\\/\\\/ardena.eu\\\/?s={search_term_string}\"},\"query-input\":{\"@type\":\"PropertyValueSpecification\",\"valueRequired\":true,\"valueName\":\"search_term_string\"}}],\"inLanguage\":\"fr-FR\"}]}<\/script>\n<!-- \/ Yoast SEO plugin. -->","yoast_head_json":{"title":"Espaces professionnels & commerciaux | Solutions Profesionnelles","description":"Am\u00e9nagez vos espaces professionnels, commerciaux et horeca de fa\u00e7on professionnelle et accueillante. Nous offrons des solutions sur mesure pour bureaux, commerces, restaurants, h\u00f4tels, caf\u00e9s, bars et \u00e9tablissements publics.","robots":{"index":"index","follow":"follow","max-snippet":"max-snippet:-1","max-image-preview":"max-image-preview:large","max-video-preview":"max-video-preview:-1"},"canonical":"https:\/\/ardena.eu\/fr\/service\/espaces-professionnels-commerciaux\/","og_locale":"fr_FR","og_type":"article","og_title":"Espaces professionnels & commerciaux | Solutions Profesionnelles","og_description":"Am\u00e9nagez vos espaces professionnels, commerciaux et horeca de fa\u00e7on professionnelle et accueillante. Nous offrons des solutions sur mesure pour bureaux, commerces, restaurants, h\u00f4tels, caf\u00e9s, bars et \u00e9tablissements publics.","og_url":"https:\/\/ardena.eu\/fr\/service\/espaces-professionnels-commerciaux\/","og_site_name":"Ardena","article_modified_time":"2025-09-15T11:52:01+00:00","og_image":[{"width":1600,"height":1067,"url":"https:\/\/ardena.eu\/wp-content\/uploads\/2023\/09\/TITELFOTO-BUsiness.jpg","type":"image\/jpeg"}],"twitter_card":"summary_large_image","twitter_misc":{"Dur\u00e9e de lecture estim\u00e9e":"1 minute"},"schema":{"@context":"https:\/\/schema.org","@graph":[{"@type":"WebPage","@id":"https:\/\/ardena.eu\/fr\/service\/espaces-professionnels-commerciaux\/","url":"https:\/\/ardena.eu\/fr\/service\/espaces-professionnels-commerciaux\/","name":"Espaces professionnels & commerciaux | Solutions Profesionnelles","isPartOf":{"@id":"https:\/\/ardena.eu\/#website"},"primaryImageOfPage":{"@id":"https:\/\/ardena.eu\/fr\/service\/espaces-professionnels-commerciaux\/#primaryimage"},"image":{"@id":"https:\/\/ardena.eu\/fr\/service\/espaces-professionnels-commerciaux\/#primaryimage"},"thumbnailUrl":"https:\/\/ardena.eu\/wp-content\/uploads\/2023\/09\/TITELFOTO-BUsiness.jpg","datePublished":"2023-09-22T11:08:10+00:00","dateModified":"2025-09-15T11:52:01+00:00","description":"Am\u00e9nagez vos espaces professionnels, commerciaux et horeca de fa\u00e7on professionnelle et accueillante. Nous offrons des solutions sur mesure pour bureaux, commerces, restaurants, h\u00f4tels, caf\u00e9s, bars et \u00e9tablissements publics.","breadcrumb":{"@id":"https:\/\/ardena.eu\/fr\/service\/espaces-professionnels-commerciaux\/#breadcrumb"},"inLanguage":"fr-FR","potentialAction":[{"@type":"ReadAction","target":["https:\/\/ardena.eu\/fr\/service\/espaces-professionnels-commerciaux\/"]}]},{"@type":"ImageObject","inLanguage":"fr-FR","@id":"https:\/\/ardena.eu\/fr\/service\/espaces-professionnels-commerciaux\/#primaryimage","url":"https:\/\/ardena.eu\/wp-content\/uploads\/2023\/09\/TITELFOTO-BUsiness.jpg","contentUrl":"https:\/\/ardena.eu\/wp-content\/uploads\/2023\/09\/TITELFOTO-BUsiness.jpg","width":1600,"height":1067},{"@type":"BreadcrumbList","@id":"https:\/\/ardena.eu\/fr\/service\/espaces-professionnels-commerciaux\/#breadcrumb","itemListElement":[{"@type":"ListItem","position":1,"name":"Home","item":"https:\/\/ardena.eu\/fr\/"},{"@type":"ListItem","position":2,"name":"Espaces professionnels &#038; commerciaux"}]},{"@type":"WebSite","@id":"https:\/\/ardena.eu\/#website","url":"https:\/\/ardena.eu\/","name":"Ardena","description":"Schreinerei Ardena","potentialAction":[{"@type":"SearchAction","target":{"@type":"EntryPoint","urlTemplate":"https:\/\/ardena.eu\/?s={search_term_string}"},"query-input":{"@type":"PropertyValueSpecification","valueRequired":true,"valueName":"search_term_string"}}],"inLanguage":"fr-FR"}]}},"_links":{"self":[{"href":"https:\/\/ardena.eu\/fr\/wp-json\/wp\/v2\/services\/1121","targetHints":{"allow":["GET"]}}],"collection":[{"href":"https:\/\/ardena.eu\/fr\/wp-json\/wp\/v2\/services"}],"about":[{"href":"https:\/\/ardena.eu\/fr\/wp-json\/wp\/v2\/types\/services"}],"wp:featuredmedia":[{"embeddable":true,"href":"https:\/\/ardena.eu\/fr\/wp-json\/wp\/v2\/media\/1911"}],"wp:attachment":[{"href":"https:\/\/ardena.eu\/fr\/wp-json\/wp\/v2\/media?parent=1121"}],"curies":[{"name":"wp","href":"https:\/\/api.w.org\/{rel}","templated":true}]}}

<!-- This site is optimized with the Yoast SEO plugin v27.5 - https://yoast.com/product/yoast-seo-wordpress/ -->
<title>Espaces professionnels &amp; commerciaux | Solutions Profesionnelles</title>
<meta name="description" content="Aménagez vos espaces professionnels, commerciaux et horeca de façon professionnelle et accueillante. Nous offrons des solutions sur mesure pour bureaux, commerces, restaurants, hôtels, cafés, bars et établissements publics." />
<meta name="robots" content="index, follow, max-snippet:-1, max-image-preview:large, max-video-preview:-1" />
<link rel="canonical" href="https://ardena.eu/fr/service/espaces-professionnels-commerciaux/" />
<meta property="og:locale" content="fr_FR" />
<meta property="og:type" content="article" />
<meta property="og:title" content="Espaces professionnels &amp; commerciaux | Solutions Profesionnelles" />
<meta property="og:description" content="Aménagez vos espaces professionnels, commerciaux et horeca de façon professionnelle et accueillante. Nous offrons des solutions sur mesure pour bureaux, commerces, restaurants, hôtels, cafés, bars et établissements publics." />
<meta property="og:url" content="https://ardena.eu/fr/service/espaces-professionnels-commerciaux/" />
<meta property="og:site_name" content="Ardena" />
<meta property="article:modified_time" content="2025-09-15T11:52:01+00:00" />
<meta property="og:image" content="https://ardena.eu/wp-content/uploads/2023/09/TITELFOTO-BUsiness.jpg" />
	<meta property="og:image:width" content="1600" />
	<meta property="og:image:height" content="1067" />
	<meta property="og:image:type" content="image/jpeg" />
<meta name="twitter:card" content="summary_large_image" />
<meta name="twitter:label1" content="Durée de lecture estimée" />
	<meta name="twitter:data1" content="1 minute" />
<script type="application/ld+json" class="yoast-schema-graph">{"@context":"https:\/\/schema.org","@graph":[{"@type":"WebPage","@id":"https:\/\/ardena.eu\/fr\/service\/espaces-professionnels-commerciaux\/","url":"https:\/\/ardena.eu\/fr\/service\/espaces-professionnels-commerciaux\/","name":"Espaces professionnels & commerciaux | Solutions Profesionnelles","isPartOf":{"@id":"https:\/\/ardena.eu\/#website"},"primaryImageOfPage":{"@id":"https:\/\/ardena.eu\/fr\/service\/espaces-professionnels-commerciaux\/#primaryimage"},"image":{"@id":"https:\/\/ardena.eu\/fr\/service\/espaces-professionnels-commerciaux\/#primaryimage"},"thumbnailUrl":"https:\/\/ardena.eu\/wp-content\/uploads\/2023\/09\/TITELFOTO-BUsiness.jpg","datePublished":"2023-09-22T11:08:10+00:00","dateModified":"2025-09-15T11:52:01+00:00","description":"Aménagez vos espaces professionnels, commerciaux et horeca de façon professionnelle et accueillante. Nous offrons des solutions sur mesure pour bureaux, commerces, restaurants, hôtels, cafés, bars et établissements publics.","breadcrumb":{"@id":"https:\/\/ardena.eu\/fr\/service\/espaces-professionnels-commerciaux\/#breadcrumb"},"inLanguage":"fr-FR","potentialAction":[{"@type":"ReadAction","target":["https:\/\/ardena.eu\/fr\/service\/espaces-professionnels-commerciaux\/"]}]},{"@type":"ImageObject","inLanguage":"fr-FR","@id":"https:\/\/ardena.eu\/fr\/service\/espaces-professionnels-commerciaux\/#primaryimage","url":"https:\/\/ardena.eu\/wp-content\/uploads\/2023\/09\/TITELFOTO-BUsiness.jpg","contentUrl":"https:\/\/ardena.eu\/wp-content\/uploads\/2023\/09\/TITELFOTO-BUsiness.jpg","width":1600,"height":1067},{"@type":"BreadcrumbList","@id":"https:\/\/ardena.eu\/fr\/service\/espaces-professionnels-commerciaux\/#breadcrumb","itemListElement":[{"@type":"ListItem","position":1,"name":"Home","item":"https:\/\/ardena.eu\/fr\/"},{"@type":"ListItem","position":2,"name":"Espaces professionnels &#038; commerciaux"}]},{"@type":"WebSite","@id":"https:\/\/ardena.eu\/#website","url":"https:\/\/ardena.eu\/","name":"Ardena","description":"Schreinerei Ardena","potentialAction":[{"@type":"SearchAction","target":{"@type":"EntryPoint","urlTemplate":"https:\/\/ardena.eu\/?s={search_term_string}"},"query-input":{"@type":"PropertyValueSpecification","valueRequired":true,"valueName":"search_term_string"}}],"inLanguage":"fr-FR"}]}</script>
<!-- / Yoast SEO plugin. -->

Aménagez vos espaces professionnels, commerciaux et horeca de façon professionnelle et accueillante. Nous offrons des solutions sur mesure pour bureaux, commerces, restaurants, hôtels, cafés, bars et établissements publics.
